
119
What is the highest common divisor of 2244 and 340?
68
Calculate the highest common divisor of 40 and 568.
8
What is the highest common divisor of 25794 and 18?
18
Calculate the highest common divisor of 8 and 88.
8
What is the greatest common factor of 74 and 2738?
74
What is the highest common factor of 200 and 675?
25
What is the highest common divisor of 129 and 43?
43
Calculate the greatest common factor of 20 and 110140.
20
Calculate the greatest common factor of 21 and 12747.
21
What is the greatest common divisor of 52273 and 13?
13
Calculate the highest common divisor of 368 and 80.
16
Calculate the greatest common divisor of 1034 and 88.
22
What is the greatest common divisor of 1714 and 6?
2
What is the highest common divisor of 276 and 24?
12
What is the greatest common factor of 50 and 275?
25
What is the highest common divisor of 58 and 29?
29
What is the greatest common divisor of 234 and 54?
18
What is the greatest common factor of 1378 and 598?
26
What is the highest common factor of 871 and 26?
13
Calculate the highest common divisor of 27 and 7425.
27
What is the greatest common factor of 195 and 312?
39
What is the highest common factor of 280 and 160?
40
Calculate the highest common divisor of 152 and 408.
8
Calculate the highest common factor of 58 and 8.
2
What is the highest common divisor of 656 and 41?
41
Calculate the greatest common factor of 837 and 217.
31
Calculate the highest common divisor of 133 and 1349.
19
Calculate the highest common divisor of 226 and 1017.
113
What is the highest common factor of 570 and 135?
15
What is the greatest common divisor of 250 and 50?
50
What is the highest common divisor of 2144 and 32?
32
Calculate the greatest common factor of 144 and 408.
24
What is the greatest common factor of 24 and 130?
2
What is the highest common divisor of 122 and 2?
2
Calculate the greatest common factor of 51 and 51.
51
Calculate the greatest common divisor of 641 and 1.
1
What is the highest common divisor of 182 and 14?
14
What is the greatest common factor of 774 and 86?
86
Calculate the highest common factor of 217 and 63.
7
Calculate the greatest common factor of 364 and 26.
26
Calculate the highest common factor of 572 and 176.
44
What is the highest common factor of 200 and 39800?
200
What is the highest common divisor of 12 and 159?
3
What is the highest common divisor of 10 and 290?
10
What is the highest common factor of 36 and 12?
12
What is the greatest common factor of 32 and 1952?
32
What is the greatest common divisor of 276 and 460?
92
What is the greatest common factor of 624 and 78?
78
Calculate the greatest common factor of 270 and 2.
2
What is the highest common factor of 2220 and 12?
12
Calculate the highest common factor of 1008 and 36.
36
What is the greatest common factor of 210 and 462?
42
Calculate the greatest common divisor of 22 and 1562.
22
Calculate the highest common divisor of 520 and 39.
13
What is the highest common divisor of 44 and 748?
44
What is the highest common divisor of 990 and 180?
90
Calculate the greatest common factor of 220 and 30.
10
Calculate the greatest common divisor of 135 and 80.
5
What is the highest common factor of 120 and 2055?
15
What is the highest common factor of 4998 and 49?
49
Calculate the greatest common factor of 128 and 24.
8
Calculate the highest common factor of 55 and 715.
55
Calculate the greatest common factor of 24 and 144.
24
Calculate the highest common divisor of 3747 and 15.
3
Calculate the highest common factor of 3809 and 13.
13
Calculate the highest common factor of 2525 and 101.
101
Calculate the highest common divisor of 50 and 650.
50
What is the greatest common divisor of 104 and 455?
13
Calculate the greatest common divisor of 17 and 1343.
17
What is the greatest common divisor of 52 and 1222?
26
Calculate the greatest common divisor of 7200 and 75.
75
What is the greatest common factor of 640 and 16?
16
What is the greatest common factor of 32 and 3424?
32
What is the highest common divisor of 52 and 16?
4
What is the greatest common divisor of 309 and 103?
103
Calculate the greatest common factor of 143 and 39.
13
Calculate the greatest common divisor of 416 and 728.
104
What is the greatest common factor of 12879 and 243?
243
Calculate the greatest common factor of 300 and 1950.
150
What is the highest common divisor of 189 and 49?
7
What is the highest common factor of 65 and 70?
5
Calculate the greatest common divisor of 1232 and 198.
22
What is the greatest common divisor of 94 and 2585?
47
Calculate the highest common divisor of 226 and 4859.
113
What is the greatest common divisor of 52 and 6344?
52
Calculate the greatest common factor of 1573 and 13.
13
Calculate the greatest common divisor of 649 and 11.
11
What is the highest common divisor of 83002 and 94?
94
Calculate the greatest common divisor of 728 and 910.
182
What is the highest common factor of 88 and 4?
4
Calculate the highest common factor of 1062 and 6.
6
What is the highest common divisor of 28 and 301?
7
Calculate the highest common divisor of 96 and 48.
48
What is the highest common divisor of 15 and 435?
15
Calculate the greatest common factor of 4 and 14.
2
Calculate the greatest common divisor of 30 and 54.
6
Calculate the greatest common divisor of 549 and 244.
61
What is the greatest common factor of 123 and 5617?
41
Calculate the greatest common factor of 90 and 240.
30
What is the highest common factor of 723 and 3?
3
What is the greatest common factor of 69 and 39?
3
What is the greatest common factor of 387 and 135?
9
Calculate the highest common divisor of 1684 and 2.
2
What is the greatest common factor of 265 and 2809?
53
What is the greatest common factor of 2848 and 267?
89
What is the greatest common factor of 3168 and 4608?
288
What is the highest common factor of 1498 and 321?
107
What is the greatest common factor of 627 and 88?
11
What is the greatest common factor of 744 and 279?
93
What is the highest common factor of 68 and 52054?
34
What is the greatest common divisor of 7397 and 13?
13
Calculate the greatest common divisor of 819 and 35.
7
Calculate the highest common factor of 4352 and 136.
136
What is the highest common factor of 414 and 598?
46
What is the highest common factor of 2567 and 755?
151
Calculate the highest common divisor of 10 and 55.
5
Calculate the highest common divisor of 904 and 64.
8
Calculate the greatest common factor of 414 and 69.
69
Calculate the greatest common divisor of 108 and 36.
36
Calculate the greatest common factor of 39 and 9.
3
What is the greatest common divisor of 252 and 56?
28
What is the highest common divisor of 42592 and 32?
32
Calculate the highest common factor of 48 and 48.
48
What is the highest common factor of 17 and 9775?
17
What is the highest common divisor of 120 and 1720?
40
Calculate the highest common divisor of 72 and 6408.
72
What is the greatest common divisor of 480 and 560?
80
Calculate the greatest common divisor of 51 and 900.
3
What is the highest common divisor of 5015 and 85?
85
Calculate the highest common factor of 27 and 81.
27
Calculate the highest common factor of 364 and 56.
28
Calculate the greatest common factor of 220 and 165.
55
What is the greatest common factor of 264 and 616?
88
Calculate the greatest common factor of 999 and 3219.
111
Calculate the highest common factor of 4553 and 232.
29
What is the greatest common factor of 142 and 10?
2
What is the greatest common divisor of 228 and 60?
12
What is the highest common factor of 216 and 243?
27
Calculate the greatest common divisor of 520 and 40.
40
What is the greatest common factor of 47265 and 345?
345
What is the greatest common divisor of 280 and 8456?
56
What is the greatest common divisor of 220 and 20?
20
What is the highest common factor of 3708 and 252?
36
What is the greatest common divisor of 465 and 186?
93
Calculate the highest common divisor of 3509 and 99.
11
What is the greatest common divisor of 98 and 1792?
14
What is the greatest common divisor of 568 and 152?
8
What is the greatest common factor of 5002 and 82?
82
Calculate the greatest common divisor of 2464 and 42.
14
Calculate the greatest common divisor of 893 and 94.
47
Calculate the greatest co